{"id":2233,"date":"2022-11-11T10:51:30","date_gmt":"2022-11-11T10:51:30","guid":{"rendered":"https:\/\/anp.gw\/?page_id=2233"},"modified":"2022-11-11T10:59:53","modified_gmt":"2022-11-11T10:59:53","slug":"lei-da-observacao-internacional-eleitoral","status":"publish","type":"page","link":"https:\/\/anp.gw\/index.php\/lei-da-observacao-internacional-eleitoral\/","title":{"rendered":"Lei Da Observa\u00e7\u00e3o Internacional Eleitoral"},"content":{"rendered":"\t\t<div data-elementor-type=\"wp-page\" data-elementor-id=\"2233\" class=\"elementor elementor-2233\">\n\t\t\t\t\t\t\t\t\t<section class=\"has_ma_el_bg_slider elementor-section elementor-top-section elementor-element elementor-element-34d175eb elementor-section-height-min-height elementor-section-items-bottom elementor-section-boxed elementor-section-height-default jltma-glass-effect-no\" data-id=\"34d175eb\" data-element_type=\"section\" data-settings=\"{&quot;background_background&quot;:&quot;classic&quot;}\">\n\t\t\t\t\t\t<div class=\"elementor-container elementor-column-gap-default\">\n\t\t\t\t\t<div class=\"has_ma_el_bg_slider elementor-column elementor-col-66 elementor-top-column elementor-element elementor-element-49ede238 jltma-glass-effect-no\" data-id=\"49ede238\" data-element_type=\"column\">\n\t\t\t<div class=\"elementor-widget-wrap elementor-element-populated\">\n\t\t\t\t\t\t\t\t<div class=\"elementor-element elementor-element-10281808 jltma-glass-effect-no elementor-widget elementor-widget-heading\" data-id=\"10281808\" data-element_type=\"widget\" data-widget_type=\"heading.default\">\n\t\t\t\t<div class=\"elementor-widget-container\">\n\t\t\t<style>\/*! elementor - v3.10.0 - 09-01-2023 *\/\n.elementor-heading-title{padding:0;margin:0;line-height:1}.elementor-widget-heading .elementor-heading-title[class*=elementor-size-]>a{color:inherit;font-size:inherit;line-height:inherit}.elementor-widget-heading .elementor-heading-title.elementor-size-small{font-size:15px}.elementor-widget-heading .elementor-heading-title.elementor-size-medium{font-size:19px}.elementor-widget-heading .elementor-heading-title.elementor-size-large{font-size:29px}.elementor-widget-heading .elementor-heading-title.elementor-size-xl{font-size:39px}.elementor-widget-heading .elementor-heading-title.elementor-size-xxl{font-size:59px}<\/style><h1 class=\"elementor-heading-title elementor-size-default\">Lei Da Observa\u00e7\u00e3o Internacional Eleitoral<\/h1>\t\t<\/div>\n\t\t\t\t<\/div>\n\t\t\t\t\t<\/div>\n\t\t<\/div>\n\t\t\t\t<div class=\"has_ma_el_bg_slider elementor-column elementor-col-33 elementor-top-column elementor-element elementor-element-793005fb jltma-glass-effect-no\" data-id=\"793005fb\" data-element_type=\"column\">\n\t\t\t<div class=\"elementor-widget-wrap\">\n\t\t\t\t\t\t\t\t\t<\/div>\n\t\t<\/div>\n\t\t\t\t\t\t\t<\/div>\n\t\t<\/section>\n\t\t\t\t<section class=\"has_ma_el_bg_slider elementor-section elementor-top-section elementor-element elementor-element-605f7749 elementor-section-full_width elementor-section-height-default elementor-section-height-default jltma-glass-effect-no\" data-id=\"605f7749\" data-element_type=\"section\" data-settings=\"{&quot;background_background&quot;:&quot;classic&quot;}\">\n\t\t\t\t\t\t\t<div class=\"elementor-background-overlay\"><\/div>\n\t\t\t\t\t\t\t<div class=\"elementor-container elementor-column-gap-no\">\n\t\t\t\t\t<div class=\"has_ma_el_bg_slider elementor-column elementor-col-100 elementor-top-column elementor-element elementor-element-6f93b7ab jltma-glass-effect-no\" data-id=\"6f93b7ab\" data-element_type=\"column\">\n\t\t\t<div class=\"elementor-widget-wrap elementor-element-populated\">\n\t\t\t\t\t\t\t\t<section class=\"has_ma_el_bg_slider elementor-section elementor-inner-section elementor-element elementor-element-5d633015 elementor-section-boxed elementor-section-height-default elementor-section-height-default jltma-glass-effect-no\" data-id=\"5d633015\" data-element_type=\"section\">\n\t\t\t\t\t\t\t<div class=\"elementor-background-overlay\"><\/div>\n\t\t\t\t\t\t\t<div class=\"elementor-container elementor-column-gap-default\">\n\t\t\t\t\t<div class=\"has_ma_el_bg_slider elementor-column elementor-col-100 elementor-inner-column elementor-element elementor-element-ad75a9e jltma-glass-effect-no\" data-id=\"ad75a9e\" data-element_type=\"column\">\n\t\t\t<div class=\"elementor-widget-wrap elementor-element-populated\">\n\t\t\t\t\t\t\t\t<div class=\"elementor-element elementor-element-7d83b94f jltma-glass-effect-no elementor-widget elementor-widget-heading\" data-id=\"7d83b94f\" data-element_type=\"widget\" data-widget_type=\"heading.default\">\n\t\t\t\t<div class=\"elementor-widget-container\">\n\t\t\t<h3 class=\"elementor-heading-title elementor-size-default\">Observa\u00e7\u00e3o Internacional<\/h3>\t\t<\/div>\n\t\t\t\t<\/div>\n\t\t\t\t\t<\/div>\n\t\t<\/div>\n\t\t\t\t\t\t\t<\/div>\n\t\t<\/section>\n\t\t\t\t\t<\/div>\n\t\t<\/div>\n\t\t\t\t\t\t\t<\/div>\n\t\t<\/section>\n\t\t\t\t<section class=\"has_ma_el_bg_slider elementor-section elementor-top-section elementor-element elementor-element-2d67915f elementor-section-boxed elementor-section-height-default elementor-section-height-default jltma-glass-effect-no\" data-id=\"2d67915f\" data-element_type=\"section\">\n\t\t\t\t\t\t<div class=\"elementor-container elementor-column-gap-default\">\n\t\t\t\t\t<div class=\"has_ma_el_bg_slider elementor-column elementor-col-100 elementor-top-column elementor-element elementor-element-4dfa541b jltma-glass-effect-no\" data-id=\"4dfa541b\" data-element_type=\"column\">\n\t\t\t<div class=\"elementor-widget-wrap elementor-element-populated\">\n\t\t\t\t\t\t\t\t<div class=\"elementor-element elementor-element-1a591cc3 jltma-glass-effect-no elementor-widget elementor-widget-text-editor\" data-id=\"1a591cc3\" data-element_type=\"widget\" data-widget_type=\"text-editor.default\">\n\t\t\t\t<div class=\"elementor-widget-container\">\n\t\t\t<style>\/*! elementor - v3.10.0 - 09-01-2023 *\/\n.elementor-widget-text-editor.elementor-drop-cap-view-stacked .elementor-drop-cap{background-color:#818a91;color:#fff}.elementor-widget-text-editor.elementor-drop-cap-view-framed .elementor-drop-cap{color:#818a91;border:3px solid;background-color:transparent}.elementor-widget-text-editor:not(.elementor-drop-cap-view-default) .elementor-drop-cap{margin-top:8px}.elementor-widget-text-editor:not(.elementor-drop-cap-view-default) .elementor-drop-cap-letter{width:1em;height:1em}.elementor-widget-text-editor .elementor-drop-cap{float:left;text-align:center;line-height:1;font-size:50px}.elementor-widget-text-editor .elementor-drop-cap-letter{display:inline-block}<\/style>\t\t\t\t<p><strong>LEI N.\u00ba 4\/94<\/strong><\/p><p>de 9 de Mar\u00e7o<\/p><p><strong>LEI DA OBSERVA\u00c7\u00c3O INTERNACIONAL ELEITORAL<\/strong><\/p><p>A Assembleia Nacional Popular decreta, nos termos do n.\u00ba 6 do artigo 56.\u00ba da Constitui\u00e7\u00e3o, o seguinte:<\/p><p>CAP\u00cdTULO I<\/p><p><strong>DISPOSI\u00c7\u00d5ES GERAIS<\/strong><\/p><p>ARTIGO 1.\u00ba<\/p><p><strong>(Objectivo)<\/strong><\/p><p>\u00a0A presente lei regula as mat\u00e9rias relativas\u00a0\u00e0 observa\u00e7\u00e3o internacional.<\/p><p>ARTIGO 2.\u00ba<\/p><p><strong>(Defini\u00e7\u00f5es)<\/strong><\/p><p>Entende-se por observa\u00e7\u00e3o internacional a verifica\u00e7\u00e3o da regularidade das v\u00e1rias fases do processo eleitoral nomeadamente o recenseamento eleitoral, a organiza\u00e7\u00e3o e a pr\u00e1tica dos actos de vota\u00e7\u00e3o e o apuramento e validade do escrut\u00ednio pelos observadores internacionais.<\/p><p>ARTIGO 3.\u00ba<\/p><p><strong>(In\u00edcio e termo da observa\u00e7\u00e3o internacional)<\/strong><\/p><p>A observa\u00e7\u00e3o internacional inicia-se com o recenseamento eleitoral e termina 30 dias ap\u00f3s a investidura do Presidente da Rep\u00fablica e dos Deputados da Assembleia Nacional Popular.<\/p><p>ARTIGO 4.\u00ba<\/p><p><strong>(Incompatibilidade)<\/strong><\/p><p>\u00c9 proibido exercer as fun\u00e7\u00f5es de observador internacional:<\/p><ol><li>a)\u00a0\u00a0\u00a0\u00a0\u00a0\u00a0\u00a0\u00a0\u00a0\u00a0\u00a0\u00a0\u00a0\u00a0\u00a0\u00a0 Aos cidad\u00e3os guineenses, ainda que tenham adquirido nacionalidade de estrangeiro;<\/li><\/ol><ol><li>b)\u00a0\u00a0\u00a0\u00a0\u00a0\u00a0\u00a0\u00a0\u00a0\u00a0\u00a0\u00a0\u00a0\u00a0\u00a0\u00a0 Aos diplomatas\u00a0no activo no pa\u00eds ou aqueles que tenham exercido essa fun\u00e7\u00e3o no pa\u00eds, bem como aos seus c\u00f4njugues.<\/li><\/ol><p>CAP\u00cdTULO II<\/p><p><strong>OBERVADORES INTERNACIONAIS<\/strong><\/p><p>ARTIGO 5.\u00ba<\/p><p><strong>(Entidades internacionais)<\/strong><\/p><ol><li>S\u00e3o considerados observadores internacionais os representantes das seguintes organiza\u00e7\u00f5es:<\/li><\/ol><ol><li>a)\u00a0\u00a0\u00a0\u00a0 A Organiza\u00e7\u00e3o da Uni\u00e3o Africana;<\/li><\/ol><ol><li>b)\u00a0\u00a0\u00a0\u00a0 A Organiza\u00e7\u00e3o das Na\u00e7\u00f5es Unidas;<\/li><\/ol><ol><li>c)\u00a0\u00a0\u00a0\u00a0 A Organiza\u00e7\u00e3o da Uni\u00e3o Europeia.<\/li><\/ol><ol start=\"2\"><li>Podem igualmente ser investidos na qualidade de observadores internacionais personalidades estrangeiras convidadas nos termos do artigo 8.\u00ba do presente diploma.\u00a0<\/li><\/ol><p>ARTIGO 6.\u00ba<\/p><p><strong>(Compet\u00eancia)<\/strong><\/p><ol><li>Compete aos observadores internacionais verificar e fiscalizar:<\/li><\/ol><ol><li>a)\u00a0\u00a0\u00a0\u00a0 O processo do recenseamento eleitoral;<\/li><\/ol><ol><li>b)\u00a0\u00a0\u00a0\u00a0 A implanta\u00e7\u00e3o e o funcionamento da Comiss\u00e3o Nacional de Elei\u00e7\u00f5es e das Comiss\u00f5es Regionais de Elei\u00e7\u00f5es;<\/li><\/ol><ol><li>c)\u00a0\u00a0\u00a0\u00a0 A legalidade e a imparcialidade nas decis\u00f5es das inst\u00e2ncias judiciais relativas ao contencioso eleitoral;<\/li><\/ol><ol><li>d)\u00a0\u00a0\u00a0\u00a0 A isen\u00e7\u00e3o da Comiss\u00e3o Nacional de Elei\u00e7\u00f5es e das Comiss\u00f5es Regionais de Elei\u00e7\u00f5es;<\/li><\/ol><ol><li>e)\u00a0\u00a0\u00a0\u00a0 A conformidade legal das candidaturas;<\/li><\/ol><ol><li>f)\u00a0\u00a0\u00a0\u00a0\u00a0\u00a0\u00a0 A isen\u00e7\u00e3o dos \u00f3rg\u00e3os de comunica\u00e7\u00e3o social do Estado, durante a campanha e apuramento dos votos;<\/li><\/ol><ol><li>g)\u00a0\u00a0\u00a0\u00a0 O cumprimento das normas de vota\u00e7\u00e3o adoptadas;<\/li><\/ol><ol><li>h)\u00a0\u00a0\u00a0\u00a0 O acesso nacional aos \u00f3rg\u00e3os de comunica\u00e7\u00e3o social do Estado pelos Partidos, Coliga\u00e7\u00f5es de Partidos ou candidatos a Presidente da Rep\u00fablica;<\/li><\/ol><ol><li>i)\u00a0\u00a0\u00a0\u00a0\u00a0\u00a0\u00a0\u00a0 A circula\u00e7\u00e3o de pessoas nas fronteiras.<\/li><\/ol><ol><li>Compete ainda aos observadores internacionais:<\/li><\/ol><ol><li>a)\u00a0\u00a0\u00a0\u00a0 Comunicar\u00a0\u00e0 CNE todas as irregularidades de que tenham conhecimento;<\/li><\/ol><ol><li>b)\u00a0\u00a0\u00a0\u00a0 Emitir os relat\u00f3rios necess\u00e1rios durante e ap\u00f3s a campanha eleitoral.<\/li><\/ol><p>ARTIGO 7.\u00ba<\/p><p><strong>(Dever de colabora\u00e7\u00e3o)<\/strong><\/p><ol><li>Os \u00f3rg\u00e3os centrais e locais do Estado, bem como a CNE e as CRE devem proceder de modo a proporcionar aos observadores internacionais as garantias e facilidades que lhes permitam cumprir cabalmente a sua miss\u00e3o.\u00a0<\/li><\/ol><ol start=\"2\"><li>Os \u00f3rg\u00e3os de Estado devem garantir e zelar pela seguran\u00e7a e integridade dos observadores internacionais.<\/li><\/ol><p>CAP\u00cdTULO III<\/p><p><strong>CONVITE AOS OBSERVADORES<\/strong><\/p><p><strong>INTERNACIONAIS<\/strong><\/p><p>ARTIGO 8.\u00ba<\/p><p><strong>(Compet\u00eancia)<\/strong><\/p><p><strong>\u00a0<\/strong>Compete\u00a0\u00e0 CNE por iniciativa pr\u00f3pria ou sob proposta do Presidente do Conselho de Estado, dos Partidos Pol\u00edticos ou Coliga\u00e7\u00f5es de Partidos, convidar os observadores internacionais.<\/p><p>ARTIGO 9.\u00ba<\/p><p><strong>(Procedimento)<\/strong><\/p><p><strong>\u00a0<\/strong>A entidade que pretende convidar observadores internacionais, nos termos no artigo anterior, deve endere\u00e7ar o seu pedido\u00a0\u00e0 CNE que o formaliza.<\/p><ol start=\"2\"><li>Na formaliza\u00e7\u00e3o dos convites propostos pelos partidos Pol\u00edticos, Coliga\u00e7\u00f5es de Partidos ou candidatos a Presidente da Rep\u00fablica, a CNE dever\u00e1 respeitar o princ\u00edpio da paridade.<\/li><\/ol><p>ARTIGO 10.\u00ba<\/p><p><strong>(Defini\u00e7\u00e3o do n\u00famero de observadores)<\/strong><\/p><p><strong>\u00a0<\/strong>A CNE deve definir o n\u00famero m\u00e1ximo de observadores internacionais.<\/p><p>ARTIGO 11.\u00ba<\/p><p><strong>(Identifica\u00e7\u00e3o)<\/strong><\/p><ol><li>A CNE deve identificar e credenciar devidamente todos os observadores internacionais.<\/li><\/ol><ol start=\"2\"><li>A identifica\u00e7\u00e3o ser\u00e1 feita mediante um cart\u00e3o de identidade e um distintivo comum.<\/li><\/ol><ol start=\"3\"><li>\u00c9 obrigat\u00f3rio o uso de distintivo pelo observador internacional durante o per\u00edodo de exerc\u00edcio das suas fun\u00e7\u00f5es.<\/li><\/ol><p>CAP\u00cdTULO IV<\/p><p><strong>DOS DIREITOS E DEVERES<\/strong><\/p><p>ARTIGO 12.\u00ba<\/p><p><strong>(Direitos)<\/strong><\/p><p><strong>\u00a0<\/strong>Constituem direitos dos observadores internacionais:<\/p><ol><li>a)\u00a0\u00a0\u00a0\u00a0\u00a0 Obten\u00e7\u00e3o do &#8220;visto&#8221; de entrada na Guin\u00e9-Bissau, ainda que nos postos fronteiri\u00e7os;<\/li><\/ol><ol><li>b)\u00a0\u00a0\u00a0\u00a0\u00a0 Liberdade de circula\u00e7\u00e3o no territ\u00f3rio nacional;<\/li><\/ol><ol><li>c)\u00a0\u00a0\u00a0\u00a0\u00a0\u00a0 Contactar qualquer entidade governamental e institui\u00e7\u00f5es envolvidas no processo eleitoral;<\/li><\/ol><ol><li>d)\u00a0\u00a0\u00a0\u00a0\u00a0 Obter esclarecimentos necess\u00e1rios relativos a legisla\u00e7\u00e3o eleitoral;<\/li><\/ol><ol><li>e)\u00a0\u00a0\u00a0\u00a0\u00a0\u00a0 Liberdade de contactar os Partidos Pol\u00edticos, Coliga\u00e7\u00e3o de Partidos e candidatos\u00a0\u00e0 Presid\u00eancia da Rep\u00fablica, bem como qualquer cidad\u00e3o;<\/li><\/ol><ol><li>f)\u00a0\u00a0\u00a0\u00a0\u00a0\u00a0\u00a0\u00a0 Acompanhar o processo de recenseamento eleitoral dos actos de campanha eleitoral, a vota\u00e7\u00e3o e o respectivo apuramento;<\/li><\/ol><ol><li>g)\u00a0\u00a0\u00a0\u00a0\u00a0 Acesso a toda a documenta\u00e7\u00e3o relativa ao processo eleitoral;<\/li><\/ol><ol><li>h)\u00a0\u00a0\u00a0\u00a0\u00a0\u00a0 Obter a colabora\u00e7\u00e3o da CNE e das CRE;<\/li><\/ol><ol><li>i)\u00a0\u00a0\u00a0\u00a0\u00a0\u00a0\u00a0\u00a0\u00a0 Tomar conhecimento de todas as den\u00fancias, queixas ou reclama\u00e7\u00f5es durante e ap\u00f3s o acto eleitoral;<\/li><\/ol><ol><li>j)\u00a0\u00a0\u00a0\u00a0\u00a0\u00a0\u00a0\u00a0\u00a0 Verificar a conformidade de participa\u00e7\u00e3o dos Partidos Pol\u00edticos e Coliga\u00e7\u00f5es de Partidos nas estruturas ligadas ao processo eleitoral, em conformidade com a lei;<\/li><\/ol><ol><li>l)\u00a0\u00a0\u00a0\u00a0\u00a0\u00a0\u00a0 Estruturar a sua forma de interven\u00e7\u00e3o a n\u00edvel central e regional;<\/li><\/ol><ol><li>m)\u00a0 \u00a0Prestar declara\u00e7\u00f5es que julgar convenientes aos \u00f3rg\u00e3os de\u00a0\u00a0 comunica\u00e7\u00e3o social, desde que n\u00e3o ponham em causa o normal funcionamento do processo eleitoral;<\/li><\/ol><ol><li>n)\u00a0\u00a0\u00a0\u00a0 Permanecer nas assembleias de voto.<\/li><\/ol><p>ARTIGO 13.\u00ba<\/p><p><strong>(Deveres)<\/strong><\/p><ol><li>Constituem deveres dos observadores internacionais:<\/li><\/ol><ol><li>a)\u00a0\u00a0\u00a0\u00a0\u00a0 Agir em conformidade com a Constitui\u00e7\u00e3o da Rep\u00fablica e demais leis em vigor;<\/li><\/ol><ol><li>b)\u00a0\u00a0\u00a0\u00a0\u00a0 Agir com independ\u00eancia, transpar\u00eancia e imparcialidade;<\/li><\/ol><ol><li>c)\u00a0\u00a0\u00a0\u00a0\u00a0\u00a0 Elaborar relat\u00f3rios de actividade e remet\u00ea-los\u00a0\u00e0 CNE.;<\/li><\/ol><ol><li>d)\u00a0\u00a0\u00a0\u00a0\u00a0 Identificar-se perante a CNE e as CRE\u2019s ou quando solicitado por entidade competente;<\/li><\/ol><ol><li>e)\u00a0\u00a0\u00a0\u00a0\u00a0\u00a0 Comunicar por escrito\u00a0\u00e0 CNE qualquer irregularidade, queixa ou reclama\u00e7\u00e3o que tenham conhecimento.<\/li><\/ol><ol start=\"3\"><li>A CNE pode anular o Estatuto e fazer cessar a actividade do observador internacional que viole os deveres estabelecidos no n\u00famero anterior.<\/li><\/ol><p>ARTIGO 14.\u00ba<\/p><p><strong>(Regulamenta\u00e7\u00e3o)<\/strong><\/p><p>Em caso de necessidade, compete\u00a0\u00e0 CNE regulamentar a presente lei.<\/p><p>ARTIGO 15.\u00ba<\/p><p><strong>(Vig\u00eancia da lei)<\/strong><\/p><p>A presente lei entra em vigor para as primeiras elei\u00e7\u00f5es multipartid\u00e1rias.<\/p><p>ARTIGO 16.\u00ba<\/p><p><strong>(D\u00favidas e Omiss\u00f5es)<\/strong><\/p><p><strong>\u00a0<\/strong>As d\u00favidas e omiss\u00f5es resultantes da interpreta\u00e7\u00e3o e aplica\u00e7\u00e3o da presente lei ser\u00e3o resolvidas pela CNE.\u00a0<\/p><p>ARTIGO 17.\u00ba<\/p><p>(<strong>Entrada em vigor)<\/strong><\/p><p>Esta lei entra em vigor imediatamente ap\u00f3s a sua publica\u00e7\u00e3o.<\/p><p><strong>\u00a0<\/strong>Aprovado em 5 de Mar\u00e7o de 1994.<\/p><p>Publique-se.<\/p><p>O Presidente da Assembleia Nacional Popular,<\/p><p><strong><em>Tiago Aleluia Lopes<\/em><\/strong>.\u00a0\u00a0\u00a0\u00a0\u00a0\u00a0\u00a0\u00a0\u00a0\u00a0<\/p>\t\t\t\t\t\t<\/div>\n\t\t\t\t<\/div>\n\t\t\t\t\t<\/div>\n\t\t<\/div>\n\t\t\t\t\t\t\t<\/div>\n\t\t<\/section>\n\t\t\t\t\t\t\t<\/div>\n\t\t","protected":false},"excerpt":{"rendered":"<p>Lei Da Observa\u00e7\u00e3o Internacional Eleitoral Observa\u00e7\u00e3o Internacional LEI N.\u00ba 4\/94 de 9 de Mar\u00e7o LEI DA OBSERVA\u00c7\u00c3O INTERNACIONAL ELEITORAL A Assembleia Nacional Popular decreta, nos termos do n.\u00ba 6 do&#8230;<\/p>\n","protected":false},"author":1,"featured_media":0,"parent":0,"menu_order":0,"comment_status":"closed","ping_status":"closed","template":"","meta":{"om_disable_all_campaigns":false,"_mi_skip_tracking":false,"_monsterinsights_sitenote_active":false,"_monsterinsights_sitenote_note":"","_monsterinsights_sitenote_category":0,"_kad_post_transparent":"","_kad_post_title":"hide","_kad_post_layout":"fullwidth","_kad_post_sidebar_id":"","_kad_post_content_style":"unboxed","_kad_post_vertical_padding":"hide","_kad_post_feature":"hide","_kad_post_feature_position":"","_kad_post_header":false,"_kad_post_footer":false,"_kad_post_classname":"","footnotes":""},"aioseo_notices":[],"_links":{"self":[{"href":"https:\/\/anp.gw\/index.php\/wp-json\/wp\/v2\/pages\/2233"}],"collection":[{"href":"https:\/\/anp.gw\/index.php\/wp-json\/wp\/v2\/pages"}],"about":[{"href":"https:\/\/anp.gw\/index.php\/wp-json\/wp\/v2\/types\/page"}],"author":[{"embeddable":true,"href":"https:\/\/anp.gw\/index.php\/wp-json\/wp\/v2\/users\/1"}],"replies":[{"embeddable":true,"href":"https:\/\/anp.gw\/index.php\/wp-json\/wp\/v2\/comments?post=2233"}],"version-history":[{"count":13,"href":"https:\/\/anp.gw\/index.php\/wp-json\/wp\/v2\/pages\/2233\/revisions"}],"predecessor-version":[{"id":2251,"href":"https:\/\/anp.gw\/index.php\/wp-json\/wp\/v2\/pages\/2233\/revisions\/2251"}],"wp:attachment":[{"href":"https:\/\/anp.gw\/index.php\/wp-json\/wp\/v2\/media?parent=2233"}],"curies":[{"name":"wp","href":"https:\/\/api.w.org\/{rel}","templated":true}]}}