{"id":1310,"date":"2022-03-14T14:47:29","date_gmt":"2022-03-14T14:47:29","guid":{"rendered":"http:\/\/anp.gw\/?page_id=1310"},"modified":"2022-08-16T22:58:33","modified_gmt":"2022-08-16T22:58:33","slug":"historia","status":"publish","type":"page","link":"https:\/\/anp.gw\/index.php\/historia\/","title":{"rendered":"Hist\u00f3ria"},"content":{"rendered":"\t\t<div data-elementor-type=\"wp-page\" data-elementor-id=\"1310\" class=\"elementor elementor-1310\">\n\t\t\t\t\t\t\t\t\t<section class=\"has_ma_el_bg_slider elementor-section elementor-top-section elementor-element elementor-element-10dfe7ee elementor-section-height-min-height elementor-section-items-bottom elementor-section-boxed elementor-section-height-default jltma-glass-effect-no\" data-id=\"10dfe7ee\" data-element_type=\"section\" data-settings=\"{&quot;background_background&quot;:&quot;classic&quot;,&quot;background_motion_fx_motion_fx_scrolling&quot;:&quot;yes&quot;,&quot;background_motion_fx_translateY_effect&quot;:&quot;yes&quot;,&quot;background_motion_fx_translateY_speed&quot;:{&quot;unit&quot;:&quot;px&quot;,&quot;size&quot;:0.3,&quot;sizes&quot;:[]},&quot;background_motion_fx_translateX_effect&quot;:&quot;yes&quot;,&quot;background_motion_fx_translateX_speed&quot;:{&quot;unit&quot;:&quot;px&quot;,&quot;size&quot;:1,&quot;sizes&quot;:[]},&quot;background_motion_fx_motion_fx_mouse&quot;:&quot;yes&quot;,&quot;background_motion_fx_mouseTrack_effect&quot;:&quot;yes&quot;,&quot;background_motion_fx_mouseTrack_direction&quot;:&quot;negative&quot;,&quot;background_motion_fx_translateY_affectedRange&quot;:{&quot;unit&quot;:&quot;%&quot;,&quot;size&quot;:&quot;&quot;,&quot;sizes&quot;:{&quot;start&quot;:0,&quot;end&quot;:100}},&quot;background_motion_fx_translateX_affectedRange&quot;:{&quot;unit&quot;:&quot;%&quot;,&quot;size&quot;:&quot;&quot;,&quot;sizes&quot;:{&quot;start&quot;:0,&quot;end&quot;:100}},&quot;background_motion_fx_devices&quot;:[&quot;desktop&quot;,&quot;tablet&quot;,&quot;mobile&quot;],&quot;background_motion_fx_mouseTrack_speed&quot;:{&quot;unit&quot;:&quot;px&quot;,&quot;size&quot;:1,&quot;sizes&quot;:[]}}\">\n\t\t\t\t\t\t<div class=\"elementor-container elementor-column-gap-default\">\n\t\t\t\t\t<div class=\"has_ma_el_bg_slider elementor-column elementor-col-50 elementor-top-column elementor-element elementor-element-408c8f70 jltma-glass-effect-no\" data-id=\"408c8f70\" data-element_type=\"column\">\n\t\t\t<div class=\"elementor-widget-wrap elementor-element-populated\">\n\t\t\t\t\t\t\t\t<div class=\"elementor-element elementor-element-66249c89 jltma-glass-effect-no elementor-widget elementor-widget-heading\" data-id=\"66249c89\" data-element_type=\"widget\" data-widget_type=\"heading.default\">\n\t\t\t\t<div class=\"elementor-widget-container\">\n\t\t\t<style>\/*! elementor - v3.10.0 - 09-01-2023 *\/\n.elementor-heading-title{padding:0;margin:0;line-height:1}.elementor-widget-heading .elementor-heading-title[class*=elementor-size-]>a{color:inherit;font-size:inherit;line-height:inherit}.elementor-widget-heading .elementor-heading-title.elementor-size-small{font-size:15px}.elementor-widget-heading .elementor-heading-title.elementor-size-medium{font-size:19px}.elementor-widget-heading .elementor-heading-title.elementor-size-large{font-size:29px}.elementor-widget-heading .elementor-heading-title.elementor-size-xl{font-size:39px}.elementor-widget-heading .elementor-heading-title.elementor-size-xxl{font-size:59px}<\/style><h1 class=\"elementor-heading-title elementor-size-default\">Hist\u00f3ria da ANP<\/h1>\t\t<\/div>\n\t\t\t\t<\/div>\n\t\t\t\t\t<\/div>\n\t\t<\/div>\n\t\t\t\t<div class=\"has_ma_el_bg_slider elementor-column elementor-col-50 elementor-top-column elementor-element elementor-element-5c09a016 jltma-glass-effect-no\" data-id=\"5c09a016\" data-element_type=\"column\">\n\t\t\t<div class=\"elementor-widget-wrap\">\n\t\t\t\t\t\t\t\t\t<\/div>\n\t\t<\/div>\n\t\t\t\t\t\t\t<\/div>\n\t\t<\/section>\n\t\t\t\t<section class=\"has_ma_el_bg_slider elementor-section elementor-top-section elementor-element elementor-element-54a952b7 elementor-section-full_width elementor-section-height-default elementor-section-height-default jltma-glass-effect-no\" data-id=\"54a952b7\" data-element_type=\"section\" data-settings=\"{&quot;background_background&quot;:&quot;classic&quot;}\">\n\t\t\t\t\t\t\t<div class=\"elementor-background-overlay\"><\/div>\n\t\t\t\t\t\t\t<div class=\"elementor-container elementor-column-gap-no\">\n\t\t\t\t\t<div class=\"has_ma_el_bg_slider elementor-column elementor-col-100 elementor-top-column elementor-element elementor-element-6851146a jltma-glass-effect-no\" data-id=\"6851146a\" data-element_type=\"column\">\n\t\t\t<div class=\"elementor-widget-wrap elementor-element-populated\">\n\t\t\t\t\t\t\t\t<section class=\"has_ma_el_bg_slider elementor-section elementor-inner-section elementor-element elementor-element-39404f00 elementor-section-boxed elementor-section-height-default elementor-section-height-default\" data-id=\"39404f00\" data-element_type=\"section\">\n\t\t\t\t\t\t<div class=\"elementor-container elementor-column-gap-default\">\n\t\t\t\t\t<div class=\"has_ma_el_bg_slider elementor-column elementor-col-100 elementor-inner-column elementor-element elementor-element-65487021 jltma-glass-effect-no\" data-id=\"65487021\" data-element_type=\"column\">\n\t\t\t<div class=\"elementor-widget-wrap elementor-element-populated\">\n\t\t\t\t\t\t\t\t<div class=\"elementor-element elementor-element-25764e78 jltma-glass-effect-no elementor-widget elementor-widget-heading\" data-id=\"25764e78\" data-element_type=\"widget\" data-widget_type=\"heading.default\">\n\t\t\t\t<div class=\"elementor-widget-container\">\n\t\t\t<h4 class=\"elementor-heading-title elementor-size-default\">Breve historial da ANP<\/h4>\t\t<\/div>\n\t\t\t\t<\/div>\n\t\t\t\t<div class=\"elementor-element elementor-element-cd77ff5 jltma-glass-effect-no elementor-widget elementor-widget-heading\" data-id=\"cd77ff5\" data-element_type=\"widget\" data-widget_type=\"heading.default\">\n\t\t\t\t<div class=\"elementor-widget-container\">\n\t\t\t<h4 class=\"elementor-heading-title elementor-size-default\">A ANP foi composta em 1973 quando foi proclamada a independ\u00eancia da Rep\u00fablica da Guin\u00e9-Bissau nas Colinas de Bo\u00e9.<\/h4>\t\t<\/div>\n\t\t\t\t<\/div>\n\t\t\t\t<div class=\"elementor-element elementor-element-8535d23 jltma-glass-effect-no elementor-widget elementor-widget-heading\" data-id=\"8535d23\" data-element_type=\"widget\" data-widget_type=\"heading.default\">\n\t\t\t\t<div class=\"elementor-widget-container\">\n\t\t\t<h3 class=\"elementor-heading-title elementor-size-default\"><b>Sede da Assembleia Nacional Popular&nbsp; - Pal\u00e1cio Colinas de Bo\u00e9<\/b><\/h3>\t\t<\/div>\n\t\t\t\t<\/div>\n\t\t\t\t<div class=\"elementor-element elementor-element-48089df4 jltma-glass-effect-no elementor-widget elementor-widget-text-editor\" data-id=\"48089df4\" data-element_type=\"widget\" data-widget_type=\"text-editor.default\">\n\t\t\t\t<div class=\"elementor-widget-container\">\n\t\t\t<style>\/*! elementor - v3.10.0 - 09-01-2023 *\/\n.elementor-widget-text-editor.elementor-drop-cap-view-stacked .elementor-drop-cap{background-color:#818a91;color:#fff}.elementor-widget-text-editor.elementor-drop-cap-view-framed .elementor-drop-cap{color:#818a91;border:3px solid;background-color:transparent}.elementor-widget-text-editor:not(.elementor-drop-cap-view-default) .elementor-drop-cap{margin-top:8px}.elementor-widget-text-editor:not(.elementor-drop-cap-view-default) .elementor-drop-cap-letter{width:1em;height:1em}.elementor-widget-text-editor .elementor-drop-cap{float:left;text-align:center;line-height:1;font-size:50px}.elementor-widget-text-editor .elementor-drop-cap-letter{display:inline-block}<\/style>\t\t\t\t<p>Com a proclama\u00e7\u00e3o da Independ\u00eancia e a entrada do PAIGC na cidade de Bissau, a Assembleia Nacional Popular come\u00e7ou a funcionar junto do Pal\u00e1cio da Rep\u00fablica e as sess\u00f5es plen\u00e1rias eram realizadas no Sal\u00e3o III Congresso. Ap\u00f3s o desmoronamento do referido sal\u00e3o, as reuni\u00f5es plen\u00e1rias passaram a ser realizadas no Sal\u00e3o da Base \u00c1rea de Bissalanca ou no Sal\u00e3o Nobre \u201cAmilcar Cabral\u201d do Secretariado do Comit\u00e9 Central do PAIGC.<\/p><p>Em 1987 a Assembleia Nacional Popular conseguiu funcionar num edif\u00edcio aut\u00f3nomo, dantes ocupado pela Secretaria de Estado das Pescas, na Pra\u00e7a dos Her\u00f3is Nacionais, atualmente a sede da operadora m\u00f3vel ORANGE.<\/p><p>Com a abertura pol\u00edtica e a realiza\u00e7\u00e3o em 1994 das primeiras Elei\u00e7\u00f5es multipartid\u00e1rias na hist\u00f3ria da Rep\u00fablica da Guin\u00e9-Bissau, surgiu a Assembleia Multipartid\u00e1ria que requeria outra estrutura din\u00e2mica. Assim em janeiro de 1995, a Assembleia Nacional Popular foi transferida para um novo edif\u00edcio, propriedade da CRUZ VERMELHA da Guin\u00e9-Bissau e a partir desta data, as reuni\u00f5es plen\u00e1rias eram realizadas no Hotel Bissau-Hotel.<\/p><p>Em 2 de junho de 1998, inaugurou-se a primeira Sede da Assembleia Nacional Popular \u201cCOLINAS DE BO\u00c9\u201d na zona industrial de Br\u00e1, constru\u00edda de ra\u00edz com o financiamento de TAIWAN. Contudo, o conflito de 7 de junho viria pouco depois destruir parcialmente o edif\u00edcio.<\/p><p>Em 2000, de novo, o Governo Guineense entrou em negocia\u00e7\u00f5es desta vez com a Rep\u00fablica da China, no sentido de construir um novo Pal\u00e1cio.\u00a0 Assim, no \u00e2mbito da coopera\u00e7\u00e3o SINO-GUINEENSE, a atual sede da Assembleia Nacional Popular inaugurada em 23 de mar\u00e7o de 2005.<\/p>\t\t\t\t\t\t<\/div>\n\t\t\t\t<\/div>\n\t\t\t\t<div class=\"elementor-element elementor-element-8bac989 jltma-glass-effect-no elementor-widget elementor-widget-heading\" data-id=\"8bac989\" data-element_type=\"widget\" data-widget_type=\"heading.default\">\n\t\t\t\t<div class=\"elementor-widget-container\">\n\t\t\t<h3 class=\"elementor-heading-title elementor-size-default\"><b>O P<\/b>arlamento Guineense<\/h3>\t\t<\/div>\n\t\t\t\t<\/div>\n\t\t\t\t<div class=\"elementor-element elementor-element-6449ac50 jltma-glass-effect-no elementor-widget elementor-widget-text-editor\" data-id=\"6449ac50\" data-element_type=\"widget\" data-widget_type=\"text-editor.default\">\n\t\t\t\t<div class=\"elementor-widget-container\">\n\t\t\t\t\t\t\t<p>As ra\u00edzes hist\u00f3ricas da Assembleia Nacional Popular surgiram duma reuni\u00e3o do Conselho Superior da Luta (CSL\/PAIGC) realizada de 7 \u00e0 17 de agosto de 1971.\u00a0 Nessa reuni\u00e3o foi decidida que o Partido devia tomar todas as medidas necess\u00e1rias para organizar elei\u00e7\u00f5es gerais em 1972 nas regi\u00f5es Libertadas segundo a modalidade do sufr\u00e1gio universal e secreto e construir assim a I Assembleia Nacional Popular (ANP) na Guin\u00e9-Bissau. \u00a0Com base nesta decis\u00e3o foi definido o processo e m\u00e9todo a adaptar para as elei\u00e7\u00f5es, incluindo os crit\u00e9rios para a escolha dos candidadtos \u00e0 Assembleia Nacional Popular, normas tornadas p\u00fablicas num documento intitulado \u201c<b>Bases para a cria\u00e7\u00e3o da 1\u00aa Assembleia Nacional Popular na Guin\u00e9\u201d<\/b> e aprovado em dezembro de 1971, pelo Comit\u00e9 Executivo da Luta (CEL).<\/p><p>Depois de oito meses (janeiro \u00e0 agosto de 1972) duma intensa campanha de informa\u00e7\u00e3o, debates e discuss\u00f5es, tanto nos organismos de base do Partido como em grandes reuni\u00f5es, as elei\u00e7\u00f5es foram realizadas em todas as regi\u00f5es libertadas entre finais de agosto e meados de outubro de 1972.\u00a0<\/p>\t\t\t\t\t\t<\/div>\n\t\t\t\t<\/div>\n\t\t\t\t<div class=\"elementor-element elementor-element-2d17d1f4 jltma-glass-effect-no elementor-widget elementor-widget-heading\" data-id=\"2d17d1f4\" data-element_type=\"widget\" data-widget_type=\"heading.default\">\n\t\t\t\t<div class=\"elementor-widget-container\">\n\t\t\t<h3 class=\"elementor-heading-title elementor-size-default\"><b>Seguran\u00e7a de Informa\u00e7\u00e3o<\/b><\/h3>\t\t<\/div>\n\t\t\t\t<\/div>\n\t\t\t\t<div class=\"elementor-element elementor-element-83ccf1d jltma-glass-effect-no elementor-widget elementor-widget-text-editor\" data-id=\"83ccf1d\" data-element_type=\"widget\" data-widget_type=\"text-editor.default\">\n\t\t\t\t<div class=\"elementor-widget-container\">\n\t\t\t\t\t\t\t<p>Efetivamente, no que se refere a seguran\u00e7a de Informa\u00e7\u00e3o no Parlamento Guineense, os colaboradores tem sabido conviver com as informa\u00e7\u00f5es de carater sigilosa. Apesar, das sess\u00f5es sejam abertas ao p\u00fablico e s\u00e3o retransmitidas nos \u00f3rg\u00e3os de comunica\u00e7\u00e3o social. Havendo motivos mesmos os funcion\u00e1rios n\u00e3o afetos a Dire\u00e7\u00e3o de Servi\u00e7os Legislativos s\u00e3o impedidos de estarem presentes no plen\u00e1rio cuja retransmiss\u00e3o \u00e9 censurada.<\/p>\t\t\t\t\t\t<\/div>\n\t\t\t\t<\/div>\n\t\t\t\t\t<\/div>\n\t\t<\/div>\n\t\t\t\t\t\t\t<\/div>\n\t\t<\/section>\n\t\t\t\t\t<\/div>\n\t\t<\/div>\n\t\t\t\t\t\t\t<\/div>\n\t\t<\/section>\n\t\t\t\t<section class=\"has_ma_el_bg_slider elementor-section elementor-top-section elementor-element elementor-element-3f74c5bb elementor-section-full_width elementor-section-height-default elementor-section-height-default jltma-glass-effect-no\" data-id=\"3f74c5bb\" data-element_type=\"section\" data-settings=\"{&quot;background_background&quot;:&quot;classic&quot;}\">\n\t\t\t\t\t\t\t<div class=\"elementor-background-overlay\"><\/div>\n\t\t\t\t\t\t\t<div class=\"elementor-container elementor-column-gap-default\">\n\t\t\t\t\t<div class=\"has_ma_el_bg_slider elementor-column elementor-col-100 elementor-top-column elementor-element elementor-element-14b3d57a jltma-glass-effect-no\" data-id=\"14b3d57a\" data-element_type=\"column\">\n\t\t\t<div class=\"elementor-widget-wrap elementor-element-populated\">\n\t\t\t\t\t\t\t\t<div class=\"elementor-element elementor-element-7e5627a5 elementor-pagination-position-outside jltma-glass-effect-no elementor-widget elementor-widget-image-carousel\" data-id=\"7e5627a5\" data-element_type=\"widget\" data-settings=\"{&quot;slides_to_show&quot;:&quot;2&quot;,&quot;navigation&quot;:&quot;dots&quot;,&quot;image_spacing_custom&quot;:{&quot;unit&quot;:&quot;px&quot;,&quot;size&quot;:10,&quot;sizes&quot;:[]},&quot;slides_to_show_tablet&quot;:&quot;1&quot;,&quot;autoplay&quot;:&quot;yes&quot;,&quot;pause_on_hover&quot;:&quot;yes&quot;,&quot;pause_on_interaction&quot;:&quot;yes&quot;,&quot;autoplay_speed&quot;:5000,&quot;infinite&quot;:&quot;yes&quot;,&quot;speed&quot;:500}\" data-widget_type=\"image-carousel.default\">\n\t\t\t\t<div class=\"elementor-widget-container\">\n\t\t\t<style>\/*! elementor - v3.10.0 - 09-01-2023 *\/\n.elementor-widget-image-carousel .swiper-container{position:static}.elementor-widget-image-carousel .swiper-container .swiper-slide figure{line-height:inherit}.elementor-widget-image-carousel .swiper-slide{text-align:center}.elementor-image-carousel-wrapper:not(.swiper-container-initialized) .swiper-slide{max-width:calc(100% \/ var(--e-image-carousel-slides-to-show, 3))}<\/style>\t\t<div class=\"elementor-image-carousel-wrapper swiper-container\" dir=\"ltr\">\n\t\t\t<div class=\"elementor-image-carousel swiper-wrapper swiper-image-stretch\">\n\t\t\t\t\t\t\t\t<div class=\"swiper-slide\"><figure class=\"swiper-slide-inner\"><img decoding=\"async\" class=\"swiper-slide-image\" src=\"http:\/\/anp.gw\/wp-content\/uploads\/2021\/01\/pexels-august-de-richelieu-4427625.jpg\" alt=\"\" \/><\/figure><\/div><div class=\"swiper-slide\"><figure class=\"swiper-slide-inner\"><img decoding=\"async\" class=\"swiper-slide-image\" src=\"http:\/\/anp.gw\/wp-content\/uploads\/2021\/01\/pexels-august-de-richelieu-4427624.jpg\" alt=\"\" \/><\/figure><\/div><div class=\"swiper-slide\"><figure class=\"swiper-slide-inner\"><img decoding=\"async\" class=\"swiper-slide-image\" src=\"http:\/\/anp.gw\/wp-content\/uploads\/2021\/01\/pexels-august-de-richelieu-4427618.jpg\" alt=\"\" \/><\/figure><\/div><div class=\"swiper-slide\"><figure class=\"swiper-slide-inner\"><img decoding=\"async\" class=\"swiper-slide-image\" src=\"http:\/\/anp.gw\/wp-content\/uploads\/2021\/01\/pexels-august-de-richelieu-4427550-1.jpg\" alt=\"\" \/><\/figure><\/div><div class=\"swiper-slide\"><figure class=\"swiper-slide-inner\"><img decoding=\"async\" class=\"swiper-slide-image\" src=\"http:\/\/anp.gw\/wp-content\/uploads\/2021\/01\/pexels-august-de-richelieu-4427507.jpg\" alt=\"\" \/><\/figure><\/div><div class=\"swiper-slide\"><figure class=\"swiper-slide-inner\"><img decoding=\"async\" class=\"swiper-slide-image\" src=\"http:\/\/anp.gw\/wp-content\/uploads\/2021\/01\/pexels-august-de-richelieu-4427498.jpg\" alt=\"\" \/><\/figure><\/div>\t\t\t<\/div>\n\t\t\t\t\t\t\t\t\t\t\t\t<div class=\"swiper-pagination\"><\/div>\n\t\t\t\t\t\t\t\t\t\t\t\t\t<\/div>\n\t\t\t\t<\/div>\n\t\t\t\t<\/div>\n\t\t\t\t\t<\/div>\n\t\t<\/div>\n\t\t\t\t\t\t\t<\/div>\n\t\t<\/section>\n\t\t\t\t\t\t\t<\/div>\n\t\t","protected":false},"excerpt":{"rendered":"<p>Hist\u00f3ria da ANP Breve historial da ANP A ANP foi composta em 1973 quando foi proclamada a independ\u00eancia da Rep\u00fablica da Guin\u00e9-Bissau nas Colinas de Bo\u00e9. Sede da Assembleia Nacional&#8230;<\/p>\n","protected":false},"author":1,"featured_media":0,"parent":0,"menu_order":0,"comment_status":"closed","ping_status":"closed","template":"","meta":{"om_disable_all_campaigns":false,"_mi_skip_tracking":false,"_monsterinsights_sitenote_active":false,"_monsterinsights_sitenote_note":"","_monsterinsights_sitenote_category":0,"_kad_post_transparent":"","_kad_post_title":"hide","_kad_post_layout":"fullwidth","_kad_post_sidebar_id":"","_kad_post_content_style":"unboxed","_kad_post_vertical_padding":"hide","_kad_post_feature":"hide","_kad_post_feature_position":"","_kad_post_header":false,"_kad_post_footer":false,"_kad_post_classname":"","footnotes":""},"aioseo_notices":[],"_links":{"self":[{"href":"https:\/\/anp.gw\/index.php\/wp-json\/wp\/v2\/pages\/1310"}],"collection":[{"href":"https:\/\/anp.gw\/index.php\/wp-json\/wp\/v2\/pages"}],"about":[{"href":"https:\/\/anp.gw\/index.php\/wp-json\/wp\/v2\/types\/page"}],"author":[{"embeddable":true,"href":"https:\/\/anp.gw\/index.php\/wp-json\/wp\/v2\/users\/1"}],"replies":[{"embeddable":true,"href":"https:\/\/anp.gw\/index.php\/wp-json\/wp\/v2\/comments?post=1310"}],"version-history":[{"count":28,"href":"https:\/\/anp.gw\/index.php\/wp-json\/wp\/v2\/pages\/1310\/revisions"}],"predecessor-version":[{"id":2199,"href":"https:\/\/anp.gw\/index.php\/wp-json\/wp\/v2\/pages\/1310\/revisions\/2199"}],"wp:attachment":[{"href":"https:\/\/anp.gw\/index.php\/wp-json\/wp\/v2\/media?parent=1310"}],"curies":[{"name":"wp","href":"https:\/\/api.w.org\/{rel}","templated":true}]}}